{"id":2510,"date":"2019-11-25T13:28:14","date_gmt":"2019-11-25T12:28:14","guid":{"rendered":"https:\/\/www.byter.de\/wordpress\/?page_id=2510"},"modified":"2019-11-25T13:28:14","modified_gmt":"2019-11-25T12:28:14","slug":"suedamerika-der-plan","status":"publish","type":"page","link":"https:\/\/www.byter.de\/wordpress\/?page_id=2510","title":{"rendered":"S\u00fcdamerika &#8211; der Plan"},"content":{"rendered":"\n<p>Oft werden wir gefragt, wie denn unsere Route f\u00fcr S\u00fcdamerika aussieht&#8230;  Voil\u00e1: <\/p>\n\n\n<p><iframe loading=\"lazy\" src=\"https:\/\/www.google.com\/maps\/d\/embed?mid=1fVoueFxJtHQYG-I4dgUJId5yEeiU_-uH\" width=\"640\" height=\"640\"><\/iframe><\/p>\n\n\n<p>Das ist zumindest der &#8211; sehr grobe &#8211; Plan.  Weniger die eingezeichnete blaue Route als vielmehr die vielen Orte, Nationalparks und POIs sind entscheidend, denn dort wollen wir hin \ud83d\ude09  Sicherlich wird vieles vor Ort anders laufen als geplant und auch die politische Situation in u.a. Chile, Bolivien, Ecuador und Kolumbien wird dazu f\u00fchren, dass wir spontan entscheiden, wo uns der Weg hinf\u00fchrt&#8230; <\/p>\n\n\n\n<p>Wir starten in Montevideo, Uruguay, und werden uns relativ schnell nach Argentinien aufmachen, wo zun\u00e4chst Buenos Aires auf der TODO-Liste steht. Von dort geht es entlang der K\u00fcste Richtung S\u00fcden &#8211; zun\u00e4chst noch vorbei an sonnigen, hochsommerlichen Str\u00e4nden, sp\u00e4ter dann durch die weite Pampa und Patagonien bis zur s\u00fcdlichsten Stadt der Welt &#8211; Ushuaia. <\/p>\n\n\n\n<p>Von dort soll es Richtung Norden nach Chile gehen, zu Nationalparks wie dem Torres del Paine, dem Perito Moreno und Los Glaciares, durch die chilenischen Anden, entlang der lend\u00e4ren Carretera Austral (Ruta 7) durch Chile und sp\u00e4ter entlang der ebenso legend\u00e4ren Ruta-40 durch Argentinien bis nach Santiago. <\/p>\n\n\n\n<p>Sofern sich die politische Lage bis dahin beruhigt hat wollen wir von dort aus einen Abstecher nach Bolivien wagen &#8211; durch das Hochgebirge entlang der &#8222;Laguna Route&#8220; bis zum gr\u00f6\u00dften Salzsee der Welt bei Uyuni. Ob es dann zur\u00fcck nach Chile und von dort Richtung Peru oder doch durch Bolivien \u00fcber La Paz geht &#8211; wer wei\u00df&#8230;<\/p>\n\n\n\n<p>In Peru stehen nat\u00fcrlich die Hinterlassenschaften der Incas auf dem Programm. Auch wenn Orte wie Machu Picchu sicherlich v\u00f6llig \u00fcberrannt und eher Touristen-Fallen sind, so gibt es mit Sicherheit auch viele interessante Flecken in den peruanischen Anden, im heiligen Tal der Incas, im Colca-Tal oder im Nationalpark Huascaran &#8211; allesamt Orte, die wir unbedingt besuchen wollen, bevor wir uns weiter gen Norden nach Ecuador aufmachen.<\/p>\n\n\n\n<p>Tja, und sofern uns dann immer noch etwas Zeit bleibt &#8211; was wir mal hoffen &#8211; gibt es auch in Ecuador und Kolumbien noch eine Vielzahl von Nationalparks, sch\u00f6nen Kolonialst\u00e4dtchen, Vulcanen, Lagunen und nat\u00fcrlich noch Regenwald zu erkunden&#8230;<\/p>\n\n\n\n<p>Wir sind gespannt \ud83d\ude42<\/p>\n","protected":false},"excerpt":{"rendered":"<p>Oft werden wir gefragt, wie denn unsere Route f\u00fcr S\u00fcdamerika aussieht&#8230; Voil\u00e1: Das ist zumindest der &#8211; sehr grobe &#8211; Plan. Weniger die eingezeichnete blaue Route als vielmehr die vielen Orte, Nationalparks und POIs sind entscheidend, denn dort wollen wir &hellip; <a href=\"https:\/\/www.byter.de\/wordpress\/?page_id=2510\">Weiterlesen <span class=\"meta-nav\">&rarr;<\/span><\/a><\/p>\n","protected":false},"author":1,"featured_media":2522,"parent":2495,"menu_order":0,"comment_status":"open","ping_status":"closed","template":"","meta":{"ngg_post_thumbnail":0},"_links":{"self":[{"href":"https:\/\/www.byter.de\/wordpress\/index.php?rest_route=\/wp\/v2\/pages\/2510"}],"collection":[{"href":"https:\/\/www.byter.de\/wordpress\/index.php?rest_route=\/wp\/v2\/pages"}],"about":[{"href":"https:\/\/www.byter.de\/wordpress\/index.php?rest_route=\/wp\/v2\/types\/page"}],"author":[{"embeddable":true,"href":"https:\/\/www.byter.de\/wordpress\/index.php?rest_route=\/wp\/v2\/users\/1"}],"replies":[{"embeddable":true,"href":"https:\/\/www.byter.de\/wordpress\/index.php?rest_route=%2Fwp%2Fv2%2Fcomments&post=2510"}],"version-history":[{"count":7,"href":"https:\/\/www.byter.de\/wordpress\/index.php?rest_route=\/wp\/v2\/pages\/2510\/revisions"}],"predecessor-version":[{"id":2520,"href":"https:\/\/www.byter.de\/wordpress\/index.php?rest_route=\/wp\/v2\/pages\/2510\/revisions\/2520"}],"up":[{"embeddable":true,"href":"https:\/\/www.byter.de\/wordpress\/index.php?rest_route=\/wp\/v2\/pages\/2495"}],"wp:featuredmedia":[{"embeddable":true,"href":"https:\/\/www.byter.de\/wordpress\/index.php?rest_route=\/wp\/v2\/media\/2522"}],"wp:attachment":[{"href":"https:\/\/www.byter.de\/wordpress\/index.php?rest_route=%2Fwp%2Fv2%2Fmedia&parent=2510"}],"curies":[{"name":"wp","href":"https:\/\/api.w.org\/{rel}","templated":true}]}}

Südamerika &#8211; der Plan

<p>Oft werden wir gefragt, wie denn unsere Route für Südamerika aussieht&#8230;  Voilá: </p>


<p><iframe loading="lazy" src="https://www.google.com/maps/d/embed?mid=1fVoueFxJtHQYG-I4dgUJId5yEeiU_-uH" width="640" height="640"></iframe></p>


<p>Das ist zumindest der &#8211; sehr grobe &#8211; Plan.  Weniger die eingezeichnete blaue Route als vielmehr die vielen Orte, Nationalparks und POIs sind entscheidend, denn dort wollen wir hin 😉  Sicherlich wird vieles vor Ort anders laufen als geplant und auch die politische Situation in u.a. Chile, Bolivien, Ecuador und Kolumbien wird dazu führen, dass wir spontan entscheiden, wo uns der Weg hinführt&#8230; </p>



<p>Wir starten in Montevideo, Uruguay, und werden uns relativ schnell nach Argentinien aufmachen, wo zunächst Buenos Aires auf der TODO-Liste steht. Von dort geht es entlang der Küste Richtung Süden &#8211; zunächst noch vorbei an sonnigen, hochsommerlichen Stränden, später dann durch die weite Pampa und Patagonien bis zur südlichsten Stadt der Welt &#8211; Ushuaia. </p>



<p>Von dort soll es Richtung Norden nach Chile gehen, zu Nationalparks wie dem Torres del Paine, dem Perito Moreno und Los Glaciares, durch die chilenischen Anden, entlang der lendären Carretera Austral (Ruta 7) durch Chile und später entlang der ebenso legendären Ruta-40 durch Argentinien bis nach Santiago. </p>



<p>Sofern sich die politische Lage bis dahin beruhigt hat wollen wir von dort aus einen Abstecher nach Bolivien wagen &#8211; durch das Hochgebirge entlang der &#8222;Laguna Route&#8220; bis zum größten Salzsee der Welt bei Uyuni. Ob es dann zurück nach Chile und von dort Richtung Peru oder doch durch Bolivien über La Paz geht &#8211; wer weiß&#8230;</p>



<p>In Peru stehen natürlich die Hinterlassenschaften der Incas auf dem Programm. Auch wenn Orte wie Machu Picchu sicherlich völlig überrannt und eher Touristen-Fallen sind, so gibt es mit Sicherheit auch viele interessante Flecken in den peruanischen Anden, im heiligen Tal der Incas, im Colca-Tal oder im Nationalpark Huascaran &#8211; allesamt Orte, die wir unbedingt besuchen wollen, bevor wir uns weiter gen Norden nach Ecuador aufmachen.</p>



<p>Tja, und sofern uns dann immer noch etwas Zeit bleibt &#8211; was wir mal hoffen &#8211; gibt es auch in Ecuador und Kolumbien noch eine Vielzahl von Nationalparks, schönen Kolonialstädtchen, Vulcanen, Lagunen und natürlich noch Regenwald zu erkunden&#8230;</p>



<p>Wir sind gespannt 🙂</p>

<p>Oft werden wir gefragt, wie denn unsere Route für Südamerika aussieht&#8230; Voilá: Das ist zumindest der &#8211; sehr grobe &#8211; Plan. Weniger die eingezeichnete blaue Route als vielmehr die vielen Orte, Nationalparks und POIs sind entscheidend, denn dort wollen wir &hellip; <a href="https://www.byter.de/wordpress/?page_id=2510">Weiterlesen <span class="meta-nav">&rarr;</span></a></p>
