{"id":355,"date":"2011-06-06T22:15:54","date_gmt":"2011-06-06T21:15:54","guid":{"rendered":"http:\/\/gc.x3.net\/wordpress\/?page_id=355"},"modified":"2011-06-07T22:18:26","modified_gmt":"2011-06-07T21:18:26","slug":"underground","status":"publish","type":"page","link":"https:\/\/www.byter.de\/wordpress\/?page_id=355","title":{"rendered":"Underground&#8230;"},"content":{"rendered":"<p>Die letzten zwei langen Wochenenden (Mai\/Juni 2011) war ich ein wenig unter der Erde unterwegs&#8230;\u00a0 Die Spiegelreflex blieb dabei zu Hause, entsprechend ist die Bilder-Ausbeute recht gering, auch wenn es viel zu sehen gab.<\/p>\n<p>Das erste Wochenende f\u00fchrte unter anderem in ein &#8222;Komplexlager&#8220; der ehemaligen DDR, in dem zu Zeiten des kalten Krieges tausende Tonnen Munition lagerten. Die Ausma\u00dfe des Areals sind schlicht gigantisch &#8211; wir hatten zum Gl\u00fcck die M\u00f6glichkeit, weite Teile davon mit einem Auto zu befahren \ud83d\ude09\u00a0 In so einer Anlage mit einem 4&#215;4 unterwegs zu sein war definitiv eine Premiere&#8230;\u00a0 Der Nachteil war, dass es unser &#8222;F\u00fchrer&#8220; recht eilig hatte und wir so ein wenig durch die Location hetzen mussten &#8211; aber wir kommen bestimmt noch mal wieder!<\/p>\n<p>Das Vatertags-Wochenende f\u00fchrte auf eine Geocache-Tour ins Saarland, Frankreich und einen kleinen Abstecher nach Luxemburg. Es gab einige spannende Einblicke in Relikte des zweiten Weltkriegs, aber auch mehrere Bergwerke konnten wir besichtigen &#8211; teils mit, teils ohne Caches&#8230;\u00a0 Es waren zwei wirklich spannende Touren mit vielen Kilometern, die wir untertage zur\u00fcckgelegt haben &#8211; hier ein paar Eindr\u00fccke, die mit meiner Canon Powershot entstanden sind:<\/p>\n<p><strong><!-- default-view.php -->\n<div\n\tclass=\"ngg-galleryoverview default-view \"\n\tid=\"ngg-gallery-b335e8ece261ef104b07ac20ba860140-1\">\n\n\t\t<!-- Thumbnails -->\n\t\t\t\t<div id=\"ngg-image-0\" class=\"ngg-gallery-thumbnail-box \" >\n\t\t\t\t        <div class=\"ngg-gallery-thumbnail\">\n            <a href=\"https:\/\/www.byter.de\/wordpress\/wp-content\/gallery\/underground\/lichttunnel1-1000h.jpg\"\n               title=\"Bunkeranlage der Alliierten\"\n               data-src=\"https:\/\/www.byter.de\/wordpress\/wp-content\/gallery\/underground\/lichttunnel1-1000h.jpg\"\n               data-thumbnail=\"https:\/\/www.byter.de\/wordpress\/wp-content\/gallery\/underground\/thumbs\/thumbs_lichttunnel1-1000h.jpg\"\n               data-image-id=\"230\"\n               data-title=\"lichttunnel1-1000h\"\n               data-description=\"Bunkeranlage der Alliierten\"\n               data-image-slug=\"lichttunnel1-1000h\"\n               class=\"ngg-fancybox\" rel=\"b335e8ece261ef104b07ac20ba860140\">\n                <img\n                    title=\"lichttunnel1-1000h\"\n                    alt=\"lichttunnel1-1000h\"\n                    src=\"https:\/\/www.byter.de\/wordpress\/wp-content\/gallery\/underground\/thumbs\/thumbs_lichttunnel1-1000h.jpg\"\n                    width=\"100\"\n                    height=\"75\"\n                    style=\"max-width:100%;\"\n                \/>\n            <\/a>\n        <\/div>\n\t\t\t\t\t\t\t<\/div> \n\t\t\t\n\t\t\t\t<div id=\"ngg-image-1\" class=\"ngg-gallery-thumbnail-box \" >\n\t\t\t\t        <div class=\"ngg-gallery-thumbnail\">\n            <a href=\"https:\/\/www.byter.de\/wordpress\/wp-content\/gallery\/underground\/lox-silhuette1-1200.jpg\"\n               title=\"Bergwerk \/ unterirdische Champignonzucht in Frankreich\"\n               data-src=\"https:\/\/www.byter.de\/wordpress\/wp-content\/gallery\/underground\/lox-silhuette1-1200.jpg\"\n               data-thumbnail=\"https:\/\/www.byter.de\/wordpress\/wp-content\/gallery\/underground\/thumbs\/thumbs_lox-silhuette1-1200.jpg\"\n               data-image-id=\"231\"\n               data-title=\"lox-silhuette1-1200\"\n               data-description=\"Bergwerk \/ unterirdische Champignonzucht in Frankreich\"\n               data-image-slug=\"lox-silhuette1-1200\"\n               class=\"ngg-fancybox\" rel=\"b335e8ece261ef104b07ac20ba860140\">\n                <img\n                    title=\"lox-silhuette1-1200\"\n                    alt=\"lox-silhuette1-1200\"\n                    src=\"https:\/\/www.byter.de\/wordpress\/wp-content\/gallery\/underground\/thumbs\/thumbs_lox-silhuette1-1200.jpg\"\n                    width=\"100\"\n                    height=\"75\"\n                    style=\"max-width:100%;\"\n                \/>\n            <\/a>\n        <\/div>\n\t\t\t\t\t\t\t<\/div> \n\t\t\t\n\t\t\t\t<div id=\"ngg-image-2\" class=\"ngg-gallery-thumbnail-box \" >\n\t\t\t\t        <div class=\"ngg-gallery-thumbnail\">\n            <a href=\"https:\/\/www.byter.de\/wordpress\/wp-content\/gallery\/underground\/kabuff-seitlich-1200.jpg\"\n               title=\"Bergwerk \/ unterirdische Champignonzucht in Frankreich\"\n               data-src=\"https:\/\/www.byter.de\/wordpress\/wp-content\/gallery\/underground\/kabuff-seitlich-1200.jpg\"\n               data-thumbnail=\"https:\/\/www.byter.de\/wordpress\/wp-content\/gallery\/underground\/thumbs\/thumbs_kabuff-seitlich-1200.jpg\"\n               data-image-id=\"229\"\n               data-title=\"kabuff-seitlich-1200\"\n               data-description=\"Bergwerk \/ unterirdische Champignonzucht in Frankreich\"\n               data-image-slug=\"kabuff-seitlich-1200\"\n               class=\"ngg-fancybox\" rel=\"b335e8ece261ef104b07ac20ba860140\">\n                <img\n                    title=\"kabuff-seitlich-1200\"\n                    alt=\"kabuff-seitlich-1200\"\n                    src=\"https:\/\/www.byter.de\/wordpress\/wp-content\/gallery\/underground\/thumbs\/thumbs_kabuff-seitlich-1200.jpg\"\n                    width=\"100\"\n                    height=\"75\"\n                    style=\"max-width:100%;\"\n                \/>\n            <\/a>\n        <\/div>\n\t\t\t\t\t\t\t<\/div> \n\t\t\t\n\t\t\t\t<div id=\"ngg-image-3\" class=\"ngg-gallery-thumbnail-box \" >\n\t\t\t\t        <div class=\"ngg-gallery-thumbnail\">\n            <a href=\"https:\/\/www.byter.de\/wordpress\/wp-content\/gallery\/underground\/dante-gang-1200.jpg\"\n               title=\"Bergwerk in Frankreich\"\n               data-src=\"https:\/\/www.byter.de\/wordpress\/wp-content\/gallery\/underground\/dante-gang-1200.jpg\"\n               data-thumbnail=\"https:\/\/www.byter.de\/wordpress\/wp-content\/gallery\/underground\/thumbs\/thumbs_dante-gang-1200.jpg\"\n               data-image-id=\"223\"\n               data-title=\"dante-gang-1200\"\n               data-description=\"Bergwerk in Frankreich\"\n               data-image-slug=\"dante-gang-1200\"\n               class=\"ngg-fancybox\" rel=\"b335e8ece261ef104b07ac20ba860140\">\n                <img\n                    title=\"dante-gang-1200\"\n                    alt=\"dante-gang-1200\"\n                    src=\"https:\/\/www.byter.de\/wordpress\/wp-content\/gallery\/underground\/thumbs\/thumbs_dante-gang-1200.jpg\"\n                    width=\"100\"\n                    height=\"75\"\n                    style=\"max-width:100%;\"\n                \/>\n            <\/a>\n        <\/div>\n\t\t\t\t\t\t\t<\/div> \n\t\t\t\n\t\t\t\t<div id=\"ngg-image-4\" class=\"ngg-gallery-thumbnail-box \" >\n\t\t\t\t        <div class=\"ngg-gallery-thumbnail\">\n            <a href=\"https:\/\/www.byter.de\/wordpress\/wp-content\/gallery\/underground\/go-gang1-1200.jpg\"\n               title=\"Gang in einem \\&quot;ouvrage\\&quot; Bunker der franz. Maginot Linie aus dem 2. Weltkrieg\"\n               data-src=\"https:\/\/www.byter.de\/wordpress\/wp-content\/gallery\/underground\/go-gang1-1200.jpg\"\n               data-thumbnail=\"https:\/\/www.byter.de\/wordpress\/wp-content\/gallery\/underground\/thumbs\/thumbs_go-gang1-1200.jpg\"\n               data-image-id=\"224\"\n               data-title=\"go-gang1-1200\"\n               data-description=\"Gang in einem &quot;ouvrage&quot; Bunker der franz. Maginot Linie aus dem 2. Weltkrieg\"\n               data-image-slug=\"go-gang1-1200\"\n               class=\"ngg-fancybox\" rel=\"b335e8ece261ef104b07ac20ba860140\">\n                <img\n                    title=\"go-gang1-1200\"\n                    alt=\"go-gang1-1200\"\n                    src=\"https:\/\/www.byter.de\/wordpress\/wp-content\/gallery\/underground\/thumbs\/thumbs_go-gang1-1200.jpg\"\n                    width=\"100\"\n                    height=\"75\"\n                    style=\"max-width:100%;\"\n                \/>\n            <\/a>\n        <\/div>\n\t\t\t\t\t\t\t<\/div> \n\t\t\t\n\t\t\t\t<div id=\"ngg-image-5\" class=\"ngg-gallery-thumbnail-box \" >\n\t\t\t\t        <div class=\"ngg-gallery-thumbnail\">\n            <a href=\"https:\/\/www.byter.de\/wordpress\/wp-content\/gallery\/underground\/go-gang2-1200.jpg\"\n               title=\"Gang in einem \\&quot;ouvrage\\&quot; Bunker der franz. Maginot Linie aus dem 2. Weltkrieg\"\n               data-src=\"https:\/\/www.byter.de\/wordpress\/wp-content\/gallery\/underground\/go-gang2-1200.jpg\"\n               data-thumbnail=\"https:\/\/www.byter.de\/wordpress\/wp-content\/gallery\/underground\/thumbs\/thumbs_go-gang2-1200.jpg\"\n               data-image-id=\"225\"\n               data-title=\"go-gang2-1200\"\n               data-description=\"Gang in einem &quot;ouvrage&quot; Bunker der franz. Maginot Linie aus dem 2. Weltkrieg\"\n               data-image-slug=\"go-gang2-1200\"\n               class=\"ngg-fancybox\" rel=\"b335e8ece261ef104b07ac20ba860140\">\n                <img\n                    title=\"go-gang2-1200\"\n                    alt=\"go-gang2-1200\"\n                    src=\"https:\/\/www.byter.de\/wordpress\/wp-content\/gallery\/underground\/thumbs\/thumbs_go-gang2-1200.jpg\"\n                    width=\"100\"\n                    height=\"75\"\n                    style=\"max-width:100%;\"\n                \/>\n            <\/a>\n        <\/div>\n\t\t\t\t\t\t\t<\/div> \n\t\t\t\n\t\t\t\t<div id=\"ngg-image-6\" class=\"ngg-gallery-thumbnail-box \" >\n\t\t\t\t        <div class=\"ngg-gallery-thumbnail\">\n            <a href=\"https:\/\/www.byter.de\/wordpress\/wp-content\/gallery\/underground\/go-kerzen-1200.jpg\"\n               title=\"Bunker im Kerzenschein\"\n               data-src=\"https:\/\/www.byter.de\/wordpress\/wp-content\/gallery\/underground\/go-kerzen-1200.jpg\"\n               data-thumbnail=\"https:\/\/www.byter.de\/wordpress\/wp-content\/gallery\/underground\/thumbs\/thumbs_go-kerzen-1200.jpg\"\n               data-image-id=\"226\"\n               data-title=\"go-kerzen-1200\"\n               data-description=\"Bunker im Kerzenschein\"\n               data-image-slug=\"go-kerzen-1200\"\n               class=\"ngg-fancybox\" rel=\"b335e8ece261ef104b07ac20ba860140\">\n                <img\n                    title=\"go-kerzen-1200\"\n                    alt=\"go-kerzen-1200\"\n                    src=\"https:\/\/www.byter.de\/wordpress\/wp-content\/gallery\/underground\/thumbs\/thumbs_go-kerzen-1200.jpg\"\n                    width=\"100\"\n                    height=\"75\"\n                    style=\"max-width:100%;\"\n                \/>\n            <\/a>\n        <\/div>\n\t\t\t\t\t\t\t<\/div> \n\t\t\t\n\t\t\t\t<div id=\"ngg-image-7\" class=\"ngg-gallery-thumbnail-box \" >\n\t\t\t\t        <div class=\"ngg-gallery-thumbnail\">\n            <a href=\"https:\/\/www.byter.de\/wordpress\/wp-content\/gallery\/underground\/go-maschinen-1200.jpg\"\n               title=\"Maschinenraum in einem \\&quot;ouvrage\\&quot; Bunker\"\n               data-src=\"https:\/\/www.byter.de\/wordpress\/wp-content\/gallery\/underground\/go-maschinen-1200.jpg\"\n               data-thumbnail=\"https:\/\/www.byter.de\/wordpress\/wp-content\/gallery\/underground\/thumbs\/thumbs_go-maschinen-1200.jpg\"\n               data-image-id=\"227\"\n               data-title=\"go-maschinen-1200\"\n               data-description=\"Maschinenraum in einem &quot;ouvrage&quot; Bunker\"\n               data-image-slug=\"go-maschinen-1200\"\n               class=\"ngg-fancybox\" rel=\"b335e8ece261ef104b07ac20ba860140\">\n                <img\n                    title=\"go-maschinen-1200\"\n                    alt=\"go-maschinen-1200\"\n                    src=\"https:\/\/www.byter.de\/wordpress\/wp-content\/gallery\/underground\/thumbs\/thumbs_go-maschinen-1200.jpg\"\n                    width=\"100\"\n                    height=\"75\"\n                    style=\"max-width:100%;\"\n                \/>\n            <\/a>\n        <\/div>\n\t\t\t\t\t\t\t<\/div> \n\t\t\t\n\t\t\t\t<div id=\"ngg-image-8\" class=\"ngg-gallery-thumbnail-box \" >\n\t\t\t\t        <div class=\"ngg-gallery-thumbnail\">\n            <a href=\"https:\/\/www.byter.de\/wordpress\/wp-content\/gallery\/underground\/go-maschinen2-1200.jpg\"\n               title=\"Maschinenraum in einem \\&quot;ouvrage\\&quot; Bunker\"\n               data-src=\"https:\/\/www.byter.de\/wordpress\/wp-content\/gallery\/underground\/go-maschinen2-1200.jpg\"\n               data-thumbnail=\"https:\/\/www.byter.de\/wordpress\/wp-content\/gallery\/underground\/thumbs\/thumbs_go-maschinen2-1200.jpg\"\n               data-image-id=\"228\"\n               data-title=\"go-maschinen2-1200\"\n               data-description=\"Maschinenraum in einem &quot;ouvrage&quot; Bunker\"\n               data-image-slug=\"go-maschinen2-1200\"\n               class=\"ngg-fancybox\" rel=\"b335e8ece261ef104b07ac20ba860140\">\n                <img\n                    title=\"go-maschinen2-1200\"\n                    alt=\"go-maschinen2-1200\"\n                    src=\"https:\/\/www.byter.de\/wordpress\/wp-content\/gallery\/underground\/thumbs\/thumbs_go-maschinen2-1200.jpg\"\n                    width=\"100\"\n                    height=\"75\"\n                    style=\"max-width:100%;\"\n                \/>\n            <\/a>\n        <\/div>\n\t\t\t\t\t\t\t<\/div> \n\t\t\t\n\t\t\t\t<div id=\"ngg-image-9\" class=\"ngg-gallery-thumbnail-box \" >\n\t\t\t\t        <div class=\"ngg-gallery-thumbnail\">\n            <a href=\"https:\/\/www.byter.de\/wordpress\/wp-content\/gallery\/underground\/mandatory-silhouette-1000h.jpg\"\n               title=\"Bunkeranlage der Alliierten\"\n               data-src=\"https:\/\/www.byter.de\/wordpress\/wp-content\/gallery\/underground\/mandatory-silhouette-1000h.jpg\"\n               data-thumbnail=\"https:\/\/www.byter.de\/wordpress\/wp-content\/gallery\/underground\/thumbs\/thumbs_mandatory-silhouette-1000h.jpg\"\n               data-image-id=\"233\"\n               data-title=\"mandatory-silhouette-1000h\"\n               data-description=\"Bunkeranlage der Alliierten\"\n               data-image-slug=\"mandatory-silhouette-1000h\"\n               class=\"ngg-fancybox\" rel=\"b335e8ece261ef104b07ac20ba860140\">\n                <img\n                    title=\"mandatory-silhouette-1000h\"\n                    alt=\"mandatory-silhouette-1000h\"\n                    src=\"https:\/\/www.byter.de\/wordpress\/wp-content\/gallery\/underground\/thumbs\/thumbs_mandatory-silhouette-1000h.jpg\"\n                    width=\"100\"\n                    height=\"75\"\n                    style=\"max-width:100%;\"\n                \/>\n            <\/a>\n        <\/div>\n\t\t\t\t\t\t\t<\/div> \n\t\t\t\n\t\t\t\t<div id=\"ngg-image-10\" class=\"ngg-gallery-thumbnail-box \" >\n\t\t\t\t        <div class=\"ngg-gallery-thumbnail\">\n            <a href=\"https:\/\/www.byter.de\/wordpress\/wp-content\/gallery\/underground\/mandatory-seitlich2-1000h.jpg\"\n               title=\"Bunkeranlage der Alliierten\"\n               data-src=\"https:\/\/www.byter.de\/wordpress\/wp-content\/gallery\/underground\/mandatory-seitlich2-1000h.jpg\"\n               data-thumbnail=\"https:\/\/www.byter.de\/wordpress\/wp-content\/gallery\/underground\/thumbs\/thumbs_mandatory-seitlich2-1000h.jpg\"\n               data-image-id=\"232\"\n               data-title=\"mandatory-seitlich2-1000h\"\n               data-description=\"Bunkeranlage der Alliierten\"\n               data-image-slug=\"mandatory-seitlich2-1000h\"\n               class=\"ngg-fancybox\" rel=\"b335e8ece261ef104b07ac20ba860140\">\n                <img\n                    title=\"mandatory-seitlich2-1000h\"\n                    alt=\"mandatory-seitlich2-1000h\"\n                    src=\"https:\/\/www.byter.de\/wordpress\/wp-content\/gallery\/underground\/thumbs\/thumbs_mandatory-seitlich2-1000h.jpg\"\n                    width=\"100\"\n                    height=\"75\"\n                    style=\"max-width:100%;\"\n                \/>\n            <\/a>\n        <\/div>\n\t\t\t\t\t\t\t<\/div> \n\t\t\t\n\t\t\t\t<div id=\"ngg-image-11\" class=\"ngg-gallery-thumbnail-box \" >\n\t\t\t\t        <div class=\"ngg-gallery-thumbnail\">\n            <a href=\"https:\/\/www.byter.de\/wordpress\/wp-content\/gallery\/underground\/haupteingang-1000h.jpg\"\n               title=\"Komplexlager der ehem. DDR - Haupteingang\"\n               data-src=\"https:\/\/www.byter.de\/wordpress\/wp-content\/gallery\/underground\/haupteingang-1000h.jpg\"\n               data-thumbnail=\"https:\/\/www.byter.de\/wordpress\/wp-content\/gallery\/underground\/thumbs\/thumbs_haupteingang-1000h.jpg\"\n               data-image-id=\"235\"\n               data-title=\"haupteingang-1000h\"\n               data-description=\"Komplexlager der ehem. DDR - Haupteingang\"\n               data-image-slug=\"haupteingang-1000h\"\n               class=\"ngg-fancybox\" rel=\"b335e8ece261ef104b07ac20ba860140\">\n                <img\n                    title=\"haupteingang-1000h\"\n                    alt=\"haupteingang-1000h\"\n                    src=\"https:\/\/www.byter.de\/wordpress\/wp-content\/gallery\/underground\/thumbs\/thumbs_haupteingang-1000h.jpg\"\n                    width=\"100\"\n                    height=\"75\"\n                    style=\"max-width:100%;\"\n                \/>\n            <\/a>\n        <\/div>\n\t\t\t\t\t\t\t<\/div> \n\t\t\t\n\t\t\t\t<div id=\"ngg-image-12\" class=\"ngg-gallery-thumbnail-box \" >\n\t\t\t\t        <div class=\"ngg-gallery-thumbnail\">\n            <a href=\"https:\/\/www.byter.de\/wordpress\/wp-content\/gallery\/underground\/gang1-1200.jpg\"\n               title=\"Komplexlager der ehem. DDR\"\n               data-src=\"https:\/\/www.byter.de\/wordpress\/wp-content\/gallery\/underground\/gang1-1200.jpg\"\n               data-thumbnail=\"https:\/\/www.byter.de\/wordpress\/wp-content\/gallery\/underground\/thumbs\/thumbs_gang1-1200.jpg\"\n               data-image-id=\"234\"\n               data-title=\"gang1-1200\"\n               data-description=\"Komplexlager der ehem. DDR\"\n               data-image-slug=\"gang1-1200\"\n               class=\"ngg-fancybox\" rel=\"b335e8ece261ef104b07ac20ba860140\">\n                <img\n                    title=\"gang1-1200\"\n                    alt=\"gang1-1200\"\n                    src=\"https:\/\/www.byter.de\/wordpress\/wp-content\/gallery\/underground\/thumbs\/thumbs_gang1-1200.jpg\"\n                    width=\"100\"\n                    height=\"75\"\n                    style=\"max-width:100%;\"\n                \/>\n            <\/a>\n        <\/div>\n\t\t\t\t\t\t\t<\/div> \n\t\t\t\n\t\t\t\t<div id=\"ngg-image-13\" class=\"ngg-gallery-thumbnail-box \" >\n\t\t\t\t        <div class=\"ngg-gallery-thumbnail\">\n            <a href=\"https:\/\/www.byter.de\/wordpress\/wp-content\/gallery\/underground\/rampe-1200.jpg\"\n               title=\"Komplexlager der ehem. DDR - die hier zu sehende Rampe bis zum Ausgang ist mehr als 1km lang!\"\n               data-src=\"https:\/\/www.byter.de\/wordpress\/wp-content\/gallery\/underground\/rampe-1200.jpg\"\n               data-thumbnail=\"https:\/\/www.byter.de\/wordpress\/wp-content\/gallery\/underground\/thumbs\/thumbs_rampe-1200.jpg\"\n               data-image-id=\"236\"\n               data-title=\"rampe-1200\"\n               data-description=\"Komplexlager der ehem. DDR - die hier zu sehende Rampe bis zum Ausgang ist mehr als 1km lang!\"\n               data-image-slug=\"rampe-1200\"\n               class=\"ngg-fancybox\" rel=\"b335e8ece261ef104b07ac20ba860140\">\n                <img\n                    title=\"rampe-1200\"\n                    alt=\"rampe-1200\"\n                    src=\"https:\/\/www.byter.de\/wordpress\/wp-content\/gallery\/underground\/thumbs\/thumbs_rampe-1200.jpg\"\n                    width=\"100\"\n                    height=\"75\"\n                    style=\"max-width:100%;\"\n                \/>\n            <\/a>\n        <\/div>\n\t\t\t\t\t\t\t<\/div> \n\t\t\t\n\t\t\t\t<div id=\"ngg-image-14\" class=\"ngg-gallery-thumbnail-box \" >\n\t\t\t\t        <div class=\"ngg-gallery-thumbnail\">\n            <a href=\"https:\/\/www.byter.de\/wordpress\/wp-content\/gallery\/underground\/rotlicht-1200.jpg\"\n               title=\"Komplexlager der ehem. DDR\"\n               data-src=\"https:\/\/www.byter.de\/wordpress\/wp-content\/gallery\/underground\/rotlicht-1200.jpg\"\n               data-thumbnail=\"https:\/\/www.byter.de\/wordpress\/wp-content\/gallery\/underground\/thumbs\/thumbs_rotlicht-1200.jpg\"\n               data-image-id=\"237\"\n               data-title=\"rotlicht-1200\"\n               data-description=\"Komplexlager der ehem. DDR\"\n               data-image-slug=\"rotlicht-1200\"\n               class=\"ngg-fancybox\" rel=\"b335e8ece261ef104b07ac20ba860140\">\n                <img\n                    title=\"rotlicht-1200\"\n                    alt=\"rotlicht-1200\"\n                    src=\"https:\/\/www.byter.de\/wordpress\/wp-content\/gallery\/underground\/thumbs\/thumbs_rotlicht-1200.jpg\"\n                    width=\"100\"\n                    height=\"75\"\n                    style=\"max-width:100%;\"\n                \/>\n            <\/a>\n        <\/div>\n\t\t\t\t\t\t\t<\/div> \n\t\t\t\n\t\t\t\t<div id=\"ngg-image-15\" class=\"ngg-gallery-thumbnail-box \" >\n\t\t\t\t        <div class=\"ngg-gallery-thumbnail\">\n            <a href=\"https:\/\/www.byter.de\/wordpress\/wp-content\/gallery\/underground\/tor-1100.jpg\"\n               title=\"Komplexlager der ehem. DDR\"\n               data-src=\"https:\/\/www.byter.de\/wordpress\/wp-content\/gallery\/underground\/tor-1100.jpg\"\n               data-thumbnail=\"https:\/\/www.byter.de\/wordpress\/wp-content\/gallery\/underground\/thumbs\/thumbs_tor-1100.jpg\"\n               data-image-id=\"238\"\n               data-title=\"tor-1100\"\n               data-description=\"Komplexlager der ehem. DDR\"\n               data-image-slug=\"tor-1100\"\n               class=\"ngg-fancybox\" rel=\"b335e8ece261ef104b07ac20ba860140\">\n                <img\n                    title=\"tor-1100\"\n                    alt=\"tor-1100\"\n                    src=\"https:\/\/www.byter.de\/wordpress\/wp-content\/gallery\/underground\/thumbs\/thumbs_tor-1100.jpg\"\n                    width=\"100\"\n                    height=\"75\"\n                    style=\"max-width:100%;\"\n                \/>\n            <\/a>\n        <\/div>\n\t\t\t\t\t\t\t<\/div> \n\t\t\t\n\t\n\t<br style=\"clear: both\" \/>\n\n\t\n\t\t<!-- Pagination -->\n\t<div class='ngg-clear'><\/div>\t<\/div>\n<\/strong><\/p>\n<p><strong><br \/>\n<\/strong><\/p>\n","protected":false},"excerpt":{"rendered":"<p>Die letzten zwei langen Wochenenden (Mai\/Juni 2011) war ich ein wenig unter der Erde unterwegs&#8230;\u00a0 Die Spiegelreflex blieb dabei zu Hause, entsprechend ist die Bilder-Ausbeute recht gering, auch wenn es viel zu sehen gab. Das erste Wochenende f\u00fchrte unter anderem &hellip; <a href=\"https:\/\/www.byter.de\/wordpress\/?page_id=355\">Weiterlesen <span class=\"meta-nav\">&rarr;<\/span><\/a><\/p>\n","protected":false},"author":1,"featured_media":0,"parent":45,"menu_order":29,"comment_status":"open","ping_status":"open","template":"","meta":{"ngg_post_thumbnail":0},"_links":{"self":[{"href":"https:\/\/www.byter.de\/wordpress\/index.php?rest_route=\/wp\/v2\/pages\/355"}],"collection":[{"href":"https:\/\/www.byter.de\/wordpress\/index.php?rest_route=\/wp\/v2\/pages"}],"about":[{"href":"https:\/\/www.byter.de\/wordpress\/index.php?rest_route=\/wp\/v2\/types\/page"}],"author":[{"embeddable":true,"href":"https:\/\/www.byter.de\/wordpress\/index.php?rest_route=\/wp\/v2\/users\/1"}],"replies":[{"embeddable":true,"href":"https:\/\/www.byter.de\/wordpress\/index.php?rest_route=%2Fwp%2Fv2%2Fcomments&post=355"}],"version-history":[{"count":5,"href":"https:\/\/www.byter.de\/wordpress\/index.php?rest_route=\/wp\/v2\/pages\/355\/revisions"}],"predecessor-version":[{"id":377,"href":"https:\/\/www.byter.de\/wordpress\/index.php?rest_route=\/wp\/v2\/pages\/355\/revisions\/377"}],"up":[{"embeddable":true,"href":"https:\/\/www.byter.de\/wordpress\/index.php?rest_route=\/wp\/v2\/pages\/45"}],"wp:attachment":[{"href":"https:\/\/www.byter.de\/wordpress\/index.php?rest_route=%2Fwp%2Fv2%2Fmedia&parent=355"}],"curies":[{"name":"wp","href":"https:\/\/api.w.org\/{rel}","templated":true}]}}